4. Give q(d).
-9
Let d(k) = 3*k**2 - 6*k + 6. Let z be d(3). Let o(w) = 4 - 17*w - 3 + z*w. Give o(-3).
7
Let p(j) be the third derivative of -j**6/120 - j**5/60 + j**4/12 + j**3/3 - 104*j**2. What is p(-4)?
42
Let n(v) = -v**3 - v**2. Let q be n(-2). Let i(d) = 4*d - 2*d + d**2 + q - 2. Determine i(-2).
2
Let h be (10/(-6))/(14/21 - 1). Let n(v) be the third derivative of v**6/120 - v**5/15 - v**4/4 + v**3/3 + 6*v**2. What is n(h)?
-3
Let u = 0 + 16. Suppose -2*m + u = -2*p, 6*m - 3*m - 12 = -p. Let c(d) = -1 + 2*d + 2*d - m*d. Determine c(7).
-8
Let i(x) = x + 2*x**2 - 4*x**2 - 2*x. Let g(d) = d**2 - 63*d + 182. Let y be g(3). Calculate i(y).
-10
Let y be (-27)/(-9) - 8/1. Let c(w) = -4*w - 9. Calculate c(y).
11
Let o(c) = c**3 + c - 5. Let k(w) = w + 1. Let g be k(-4). Let d = -3 - g. Determine o(d).
-5
Let m(q) = -4 + 4 - 4 + 2*q - 3*q. Suppose 21*w + 8*w + 87 = 0. Give m(w).
-1
Let w = -13 + -1. Let n(b) = 12*b. Let y be n(4). Let l be y/42*w/(-4). Let d(k) = -k**3 + 5*k**2 - 1. Calculate d(l).
15
Suppose 0 = 4*p + 18*g - 22*g - 12, 4*g = -4*p - 12. Let h(k) be the third derivative of p*k - 1/24*k**4 + 5*k**2 + 0 - 5/3*k**3. What is h(-5)?
-5
Let h(p) = 3*p + 6. Let f = 13 - 9. Let w be 0 - f/(-8)*26. Suppose -w*n - 12 = -10*n. Calculate h(n).
-6
Let h be -1 + -3 + 0 + 0. Let s be 1/1 + (-12)/h. Let v(a) = 3 - s*a - 8 + a**2 + 0. Give v(5).
0
Let z = -9 - -21. Suppose 0*l + z = -l. Let h be 3/2 - 30/l. Let d(t) = -t**3 + 5*t**2 - 5*t - 4. Give d(h).
-8
Let d(q) = q**3 - 3*q**2 - 1. Let g(v) be the second derivative of -1/6*v**4 + 7*v - 3/2*v**2 - 1/2*v**3 + 0 - 1/20*v**5. Let k be g(-2). Calculate d(k).
-1
Let f(j) = 4*j - 4. Let p(q) = -5*q + 5. Let z(t) = 4*f(t) + 3*p(t). Suppose -3*h + 7*h = -4*o, 2*o = -5*h. Give z(h).
-1
Let w(l) = 219*l + 215*l - 432*l - 5. Determine w(-9).
-23
Suppose -5*r - 8 - 17 = 0. Let s(z) = -10*z - 12 - 46 + 28 - 2*z**2. Let j(x) = x**2 + 5*x + 14. Let n(v) = -9*j(v) - 4*s(v). Calculate n(r).
-6
Suppose 0*g = 4*g - 28. Let n(f) = -g*f + 4 + 3*f + 0 - 1. Let z(v) = 3*v**2 - 33*v + 4. Let r be z(11). Give n(r).
-13
Let u(c) be the second derivative of c**5/20 + c**4/6 - c**3/3 - 3*c**2/2 - 2*c. Suppose 21*s - 25*s = 100. Let d = s + 22. Give u(d).
-6
Suppose 0 = -5*u + 28 - 8. Let q(b) = -67*b + 64*b - 5 + b**2 + 0*b**2. What is q(u)?
-1
Let w(j) be the second derivative of 5*j**3/6 - j**2/2 + 3*j - 97. Suppose b = 4*g - 3, 2*b = 7*b - 4*g - 1. Calculate w(b).
4
Let a(o) = -1. Let g(u) = -u - 3. Let d(k) = 4*a(k) - g(k). Determine d(-6).
-7
Let g(c) = 2*c**3 - 5*c**2 + 3*c - 1. Let b be -5*(-4 + 3) + 0. Suppose 2*l = 3 + b. Suppose d = 2, 0 = -y + d + 5 - l. Calculate g(y).
17
Let j(t) be the third derivative of -3*t**4/8 + t**3/3 - 40*t**2. What is j(4)?
-34
Let p(x) be the second derivative of x**4/12 - 7*x**3/6 - x**2/2 - 2*x - 7. Determine p(6).
-7
Let c(t) = t**2 - 5*t - 1. Let g(w) = 4*w**2 - 16*w - 4. Let v(x) = -7*c(x) + 2*g(x). Let f be (-25 - 88/(-8)) + 10. Determine v(f).
3
Let f(l) be the third derivative of -l**4/24 - 10*l**2 + 2*l. What is f(7)?
-7
Let g(s) = -184*s - 1 + 100*s + 80*s. Let b(c) = -c**2 - 5*c - 1. Let n be b(-4). Calculate g(n).
-13
Let q(i) = i**3 + 5*i**2 + i. Suppose -3*z = -3*x + 30, -4*x - 44 = 5*z - 2*z. Let v = 7 + z. Let n be q(v). Let h(o) = o**2 + 5*o + 2. What is h(n)?
2
Suppose -6*v = -9*v + 12. Let c be (145/58)/(-1 + 2/v). Let b(y) = 2*y + 1. What is b(c)?
-9
Let t(m) = 1181*m**2 + 1 + 1 - 584*m**2 - 3*m - 593*m**2 - 4. What is t(-1)?
5
Let v(a) = a**3 + 5*a**2 - 6*a. Suppose 10*p + 20 = -40. Calculate v(p).
0
Let g(l) be the third derivative of -l**4/4 - 5*l**3/6 - 172*l**2. Give g(7).
-47
Let l be (-3)/((5 - 33/7)/(-2)). Let u(j) = -j**3 + 20*j**2 + 22*j - 26. What is u(l)?
-5
Let o(z) be the first derivative of 5/12*z**4 + 1/2*z**2 + 1/3*z**3 + 1/20*z**5 + 3 - 3*z. Let m(x) be the first derivative of o(x). Calculate m(-5).
-9
Let h(b) = -b - 3*b**2 + 2 + 2*b**2 - 4*b + 7. Let t(s) = 1 + 29*s - 15*s - 16*s - 7*s + s**2. Let j be t(8). Give h(j).
-5
Let k(b) = -b**2 - 5*b - 5. Suppose 12 - 95 = -3*y - 5*x, 0 = y + 3*x - 29. Let u be (-20)/3 + y/39. Calculate k(u).
-11
Suppose -58 = -4*d - 6. Suppose 3*r = i - 2*i - d, i = r + 3. Let x(m) = m**3 + 4*m**2 + m - 5. Give x(r).
-9
Let c = 6 - -8. Let q(k) = k - 4 - 12 + c + 2*k. Calculate q(2).
4
Let o(w) = w**2 - w - 108. Let h be o(11). Let y(t) be the second derivative of 1/2*t**3 - 7/2*t**h + 3*t - 1/3*t**4 - 1/20*t**5 + 0. What is y(-5)?
3
Let m(a) = -2*a**3 + 3*a - 1. Suppose -35 + 15 = -5*q. Let w(f) = -f**3 + 3*f**2 + 4*f + 4. Let p be w(q). Let y = 6 - p. Determine m(y).
-11
Let x = -79 + 68. Let q(i) = -i**3 - 10*i**2 + 11*i - 7. Calculate q(x).
-7
Let n(a) = -6*a**3 + a**2 + 4*a - 4. Let i(v) = v**3 - v**2 + 1. Let t(f) = -5*i(f) - n(f). Let b(p) = p**3 - 11*p**2 + 31*p - 11. Let u be b(6). What is t(u)?
-6
Suppose -26 = 5*q - 1. Let y(b) be the first derivative of 5*b**2/2 - 13*b + 3. Let i(k) = 4*k - 12. Let h(x) = 7*i(x) - 6*y(x). Calculate h(q).
4
Let h(s) = 8*s. Let o be h(2). Suppose -4*l - 26 = -4*d - 6, -o = -2*d - 4*l. Let z(p) = -p. What is z(d)?
-6
Suppose z + 10 = -z, 0 = 3*u + 4*z + 11. Let r(b) = b**2 + 2*b + 4. Let a(m) = m**2 + m + 3. Let k(v) = 4*a(v) - 3*r(v). Give k(u).
3
Let t(g) = 2*g**2 - 34*g + 40. Let k(u) = -u**2 + 16*u - 20. Let f(h) = 5*k(h) + 2*t(h). Calculate f(10).
0
Let c(x) = 18 - x + 19 + 19 - 55. Suppose 3*a + v + 15 = 0, -2*a - 5*v - 23 = -0*a. Calculate c(a).
5
Let s(a) = -2*a**2 + 47*a - 20. Let n be s(23). Let x(c) = -5*c - 4*c**2 + 4*c**3 - 5 - 2 - 3*c**n. What is x(5)?
-7
Let t be 2 + 0/(-1) + 128/32. Let c(u) = -u**2 + 4*u + 6. Calculate c(t).
-6
Let d(u) = 4*u + 11. Let n(l) = -l - 1. Let g(j) = d(j) + 5*n(j). Suppose p - 4*b = -2, -2*p + 4*b = p - 2. Let f be -1 + -2 + p + 1. Give g(f).
6
Let x(v) be the second derivative of 3*v**5/20 + 7*v**4/12 - v**3/3 - 5*v**2/2 + 12*v. Let l(g) = -g**3 - g + 1. Let r(a) = 4*l(a) + x(a). What is r(6)?
-1
Let d = -33 - -37. Let l(t) be the first derivative of -t**3/3 + 4*t**2 - 2*t + 10. What is l(d)?
14
Let w(v) = v**2 + 5*v + 5. Let m be (0 + -12)*(-4 + -8)/(-36). Calculate w(m).
1
Let x(a) be the first derivative of -a**5/20 + 7*a**4/12 - a**3/3 + 3*a**2/2 + 20*a - 16. Let s(b) be the first derivative of x(b). Determine s(7).
-11
Let y(j) = -4 + 3*j - j - 5*j + 3*j + j. Determine y(8).
4
Let n be 3/2*(-12)/(-9). Let r(s) = -7*s + n*s - 2*s. What is r(1)?
-7
Suppose 30 = 9*g - 15. Let w(b) = -6*b - 12 + g*b + 2*b. Give w(6).
-6
Let o(x) = 22*x - 263. Let w be o(12). Let l(n) = 10*n**2 - n + 1. Calculate l(w).
10
Let m be 13 + 5*(-143)/55. Let f(q) = -q - 24. What is f(m)?
-24
Suppose -1 = -3*b + 2*b. Let c(s) = s - 3*s + 8*s**2 - b + s. Let f(w) = -w**2 - 4*w - 1. Let i be f(-4). Calculate c(i).
8
Let k(l) = 15*l**2 - l + 23. Let z(o) = -7*o**2 + o - 11. Suppose -3*q - 58 = -19. Let s(v) = q*z(v) - 6*k(v). Calculate s(6).
-1
Let t(v) = -6*v**3 + 4*v**2 + 7*v + 7. Let j(s) = s + 1. Let b be j(-6). Let p(h) = h**3 - h**2 - h - 1. Let a(q) = b*p(q) - t(q). Calculate a(-3).
-14
Let m(o) = o**3 - 8*o**2 + 6*o - 1. Let p = 156 + -149. What is m(p)?
-8
Let h(m) = -m + 1. Let d(n) = -6*n + 4. Let k(r) = 3*d(r) - 15*h(r). Let l(y) = -y. Let t(s) = -k(s) + 4*l(s). Suppose j + 36 = -5*j. Calculate t(j).
9
Let v = -4 - -3. Let h(u) = -82*u + 1. Let g be h(v). Let b(m) = -g + m**2 + 83. Give b(1).
1
Let b = 10 + -24. Let h = b + 16. Let v(c) = c**3 + c**3 - 3 - c**3 + 8*c**h - 2*c - 9*c**2. Give v(3).
9
Let d(p) be the third derivative of p**4/12 - 5*p**3/2 + 332*p**2. Determine d(7).
-1
Suppose 0*w - 2*u - 17 = 5*w, 0 = -2*w - 3*u + 2. Let r(n) = n**3 + 3*n**2 - 6*n + 3. Calculate r(w).
-17
Let k(h) = h**2 - 4*h + 2. Suppose 0 = 4*a - a - 3. Let f = -7 + 3. Let o be (15/(-20))/(a/f). Calculate k(o).
-1
Let c(t) be the second derivative of 1/2*t**3 + 1/6*t**4 + 0 + t + 1/60*t**5 + 1/120*t**6 - 3*t**2. Let d(j) be the first derivative of c(j). Determine d(-2).
-9
Suppose -3*p = -p - 4*l + 16, 3*p = 2*l - 4. Suppose 5*q + w = -25, 0 = -p*q - 0*q + 5*w - 10. Let y(r) = -r - 12. Determine y(q).
-7
Let t(b) = b**3 - 22*b**2 + 44*b - 77. Let o be t(20). Let f(k) = 7*k - 1. What is f(o)?
20
Let v(a) = a**3 - 3*a**2 - 5*a - 3. Let r be (264/20)/